52 = 13*m - 5*b, -3*m = 4*b - 3895. What is the thousands digit of m?
1
Let b be 13/(-39) - (-964)/(-6). Let y = b - -363. What is the tens digit of y?
0
Let b = -2846 + 4490. What is the tens digit of b?
4
Let m(n) = n + 6. Let b be m(-3). What is the units digit of b/2*(-760)/(-15)?
6
Suppose 278 = -4*x + 3*s + 2418, -5*s + 1096 = 2*x. What is the units digit of x?
8
Let h(n) be the first derivative of n**4/4 + 14*n**3/3 + 15*n**2/2 - 15*n + 13. What is the tens digit of h(-12)?
9
Let h(f) = -f + 12*f**3 + 12*f**3 - 18*f**3. Let p be h(-1). Let y(v) = -2*v. What is the tens digit of y(p)?
1
Let s be 3/((-4)/8 + -1). Let m(r) = -19*r**3 - 3*r**2 - 2*r + 1. Let a be m(s). Suppose -c = -6*c + a. What is the units digit of c?
9
Suppose 5*v - 8 = 4*g, g + 3*v - 14 - 1 = 0. Suppose -g*q + 155 = 2*d, -2*d - 2*q - 140 = -4*d. What is the tens digit of d?
7
Let o = -224 - -98. Let u = -5 - o. What is the tens digit of u?
2
Let t = -11 - -33. Let d = t + -7. What is the tens digit of d?
1
Suppose -8*l = -473 - 479. What is the hundreds digit of l?
1
Let j = -16 - 11. Let r = j - -35. What is the units digit of r?
8
Suppose 0 = -5*r + 20, -5*a + 122 = 5*r - 1303. What is the hundreds digit of a?
2
What is the units digit of (-312)/15*5*-11?
4
Let d(c) = c**3 - 6*c**2 + 5*c - 4. Let q be -2 + (2 + -2 - -4). Suppose q*j - 6 = j. What is the units digit of d(j)?
6
Let v be (-13 - 1)*3/(-2). Let c be -3 + (-7)/(-14)*-2 - -7. Suppose 0 = c*g - 6*g + 2*i + 78, -g = i - v. What is the units digit of g?
4
Let d(f) = f**3 + 6*f**2 - 8*f - 5. Let s be 10/(-15) - (-38)/(-6). Let j be d(s). What is the tens digit of 44/(-40)*j*-5?
1
Let c be (-9)/(-15)*(10 + 0). Suppose -3*o - y = 134, -y - 5 = -c*y. What is the units digit of 4 + (0/(-1) - o)?
9
Suppose 20*k + 4 = 18*k. What is the tens digit of k/((5/(-200))/1)?
8
Let p be ((-100)/(-10))/(3 + -1). Suppose 0 = -p*z, -62 = k + 4*z - 272. What is the units digit of k?
0
Suppose -3*q + 4*p = 1, 4*p + 62 - 21 = -3*q. Let h = 107 + q. What is the tens digit of h?
0
Let c(j) = -j**3 - 6*j**2 - 6*j - 1. Let n be c(-5). Suppose -n*x = -x. Suppose x*o = -3*o + 51. What is the tens digit of o?
1
Let u(b) = 3*b - 1. Let j be u(1). Suppose 3 = j*z + 1. What is the units digit of (9 - 10)*-17*z?
7
Let n(h) = -32*h - 22. Let z = -119 - -112. What is the units digit of n(z)?
2
Suppose t - 7*v - 322 = -2*v, -3*v = 4*t - 1265. What is the units digit of t?
7
Suppose 14*l = 15*l - 675. What is the tens digit of l?
7
Let d be 2/(-4) + 341/(-22). Let b = 91 + -56. Let c = b + d. What is the units digit of c?
9
Let n(y) = 9*y + 1. Suppose -10 = -2*d, -q - 3*d - 21 + 1 = 0. Let z be 30/(-9)*63/q. What is the tens digit of n(z)?
5
Suppose 0 = 2*k + 2*f - 312, 648 = 7*k - 3*k - 2*f. What is the units digit of 42496/k - (-4)/10?
6
Let j be -4 + 58*(-2)/4*-1. Let w = 36 - j. What is the tens digit of w?
1
Let w(s) = -10*s + 14. Let v(y) = 5*y - 7. Let f(a) = 7*v(a) + 4*w(a). What is the units digit of f(-6)?
7
Suppose -8*z + 4*x - 93 = -9*z, 5*z - 350 = 3*x. What is the tens digit of z?
7
Suppose -5*b + 2*b = 36. Let i = -4 - b. Suppose 3*w + 4*d = 68, w - 4*d = -i*d + 36. What is the tens digit of w?
1
Let z = 3094 + -1314. Let j = z + -810. What is the units digit of 2/10 - j/(-25)?
9
Suppose j = -3*w + 5*j + 18, 4*w - 3*j - 17 = 0. Suppose 4*r - w = 2*r. What is the units digit of r?
1
What is the tens digit of (-646)/(2/(-17) + 135/(-153))?
4
Let d(s) = 3*s + s**2 + 18 - 18 + 43*s**3 - 4*s. What is the units digit of d(1)?
3
Let o(k) = -6*k**2 + 14*k + 52. Let g(u) = -5*u**2 + 13*u + 52. Let n(i) = -4*g(i) + 3*o(i). What is the hundreds digit of n(-9)?
2
Let m be 4/10 - (-193)/5. Let l(v) = -3*v**2 + 143*v - 90. Let k be l(47). What is the units digit of 4/(k/m) - 3?
6
Suppose -2*g + q = -10, 2*g - 20 = -2*g - q. Suppose 7*w = g*w + 52. What is the tens digit of w?
2
What is the units digit of (-5)/(15/(-21)) + 1?
8
Let b = -62 + 59. Let j(x) = -52*x + 31. What is the tens digit of j(b)?
8
Let s = -162 - -103. Suppose -5*m = 2*h + 23, h + 0*h = -3*m - 13. What is the tens digit of -1*(5 + h)*s?
5
Let u = 1587 - -352. What is the tens digit of u?
3
Suppose 0 = -16*u + 21*u - 5060. What is the tens digit of u?
1
Let v(o) = 4*o**2 + 22*o + 15. Let q(y) = -5*y**2 - 21*y - 14. Let x(d) = 5*q(d) + 6*v(d). What is the hundreds digit of x(22)?
1
Let l(n) = 53*n + 83. What is the tens digit of l(23)?
0
Suppose 9 = 3*q - 21. Let u(x) be the first derivative of -x**4/4 + 3*x**3 + 6*x**2 - 12*x - 40. What is the units digit of u(q)?
8
Let d(b) = b**3 + 8*b**2 + 7. Let f be d(-8). Suppose 0 = -2*m + f*m - 20. Suppose -m*g + 3*l = -56, -1 = -3*l - 13. What is the units digit of g?
1
Let n(a) = -a - 4. Let j be n(3). Let p(z) = z**3 + 8*z**2 + 7*z + 2. What is the units digit of p(j)?
2
Suppose 4*q = -12, -4*i = q + 846 + 493. Let w = i - -479. What is the hundreds digit of w?
1
Suppose -5*p = -40 + 15. Suppose 0 = p*l + 4*j - 38 - 36, 4 = -j. Suppose l = -w + 49. What is the tens digit of w?
3
Let r(h) = h**2 + 3*h - 16. Suppose 4*g + 55 = 5*w, -26 = -3*w + 2*g - g. Suppose 3*n - 4*t + 12 = -w*t, -2*t + 13 = -n. What is the units digit of r(n)?
2
Let r = 27 - 38. Let o = r + 12. What is the tens digit of (-1)/(3/((-99)/o))?
3
Let t = -53 - -49. What is the hundreds digit of 2 - (-140 - (t - -4))?
1
Let v(w) = w**3 + 12*w**2 + 4*w + 30. What is the tens digit of v(6)?
0
Suppose 62*p - 12 = 56*p. Suppose 74 = c - p*y + 3*y, -98 = -c + 5*y. What is the tens digit of c?
7
Let p = 3 + -1. Suppose 5*l - q - 208 = 217, p*q + 346 = 4*l. Let b = l - 44. What is the tens digit of b?
4
Let z(h) = 313*h**3 + h - 1. Let o(f) = f**2 - 24*f + 45. Let u be o(22). What is the hundreds digit of z(u)?
3
Let y = 8724 - 4599. What is the tens digit of y?
2
Let n(w) = w**2 - 3*w + 1. Let g be n(4). Suppose -2*d - d + 133 = -4*a, g*a = d - 37. What is the units digit of d?
7
Let x(c) = -16*c - 11. Let o be x(-6). Suppose 3*d - 5*f + o = 384, d = 5*f + 83. What is the units digit of d?
8
Suppose -4*f + r + 931 = 0, r = -r + 10. What is the hundreds digit of f?
2
Suppose 157 = h - 0*h + o, 5*h = -2*o + 791. What is the units digit of h?
9
Let d = -13 - 8. Let n = 22 + d. What is the units digit of n?
1
Let g(y) = -29*y**3 - 3*y - 3. Suppose 0 = -s - 2 + 1. What is the tens digit of g(s)?
2
Let s be 12/10*(-5)/(-2). Let c be 30 - (1 + -2)/(-1). Suppose -i + 3*i - c = -s*l, -l = -2*i + 49. What is the tens digit of i?
2
Let c = 8 + -8. Let x(u) = u**3 - 2*u**2 + u + 19. What is the units digit of x(c)?
9
Suppose -2*h + 218 = -3*t + 5*t, 3*h + 2*t = 326. Let g = h - 39. What is the units digit of g?
9
Suppose 174 = 4*f + 62. Let a = 5 + f. What is the units digit of a?
3
Let p(l) = 3*l + 52 - 34 + 64 - l. What is the units digit of p(0)?
2
Let p(b) = -2*b**3 - 9*b**2 - 14*b + 16. What is the tens digit of p(-7)?
5
Let m(o) = 5*o - 3. Let x = 18 + -3. Let p be x*(12/(-9))/(-4). What is the tens digit of m(p)?
2
Suppose 5*g = b + 15, -5*g + b + 15 = 6*b. Suppose -g*q = 2*s - 385, -2*q - 4*s = q - 389. What is the units digit of q?
7
Suppose -2*v + 6 = -d + 3, 3*d - v = 11. Suppose -w = -d*w + 4. What is the units digit of w?
1
Let c = 7 - -6. Suppose c*g = 16*g - 6. What is the tens digit of -11*(g + -1)*-3?
3
Suppose -8*z = -3*z + 5. Let d(j) = -41*j - 1. What is the tens digit of d(z)?
4
Let h = 2132 + -368. What is the tens digit of h?
6
Let i be 10/(-4)*36/(-30). Suppose i*u - 5 - 3 = -g, 8 = 4*u. Suppose -g*w + 24 = 5*x - 0*x, 0 = 5*w + 2*x - 81. What is the units digit of w?
7
Suppose 4*y + 3*g = 7253, y + 36*g = 39*g + 1832. What is the units digit of y?
7
Let v = -6 + 12. Let x(l) = -3*l**2 - v*l - 3 + 8*l**2 + 3*l. What is the tens digit of x(4)?
6
Let r(j) = -j**3 + 3*j**2 + 5*j + 1. Let d be r(6). Suppose -551 = -5*x + 3*u, u - 159 = -x - 44. Let s = d + x. What is the tens digit of s?
3
Suppose -1 = 2*w - 11. Suppose -w - 25 = a. Let f = 42 + a. What is the units digit of f?
2
Let y = -1 + -5. Let r(c) = -c**3 - 5*c**2 + 4*c - 2. Let u be r(y). Suppose -3*m - u = -28. What is the units digit of m?
6
Let y(q) = 55*q**3 - 15*q**2 + 48*q + 5. What is the hundreds digit of y(3)?
4
Suppose -z = -5*r + 4*z + 45, -3*z - 12 = 0. Let o be ((-8)/(-16))/((-2)/(-848)). Sup